4).
-12
Let d(x) = x - 25. Suppose 2*n - 8*a + 25 = -11*a, 2*n - 2*a + 30 = 0. What is d(n)?
-39
Let c(p) be the second derivative of p**5/20 + p**4/2 + p**3/3 + 5*p**2/2 + 102*p - 2. Determine c(-6).
-7
Let c(v) = -v**3 - 10*v**2 + 14*v - 11. Suppose -2*f + 4 = 0, -f + 20 = -3*t - 15. Give c(t).
-44
Let g(r) = 57*r - 443. Let m(c) = -81*c + 621. Let o(b) = 17*g(b) + 12*m(b). Give o(-28).
5
Let s(l) = -30*l - 12. Suppose -10*k + 11*k - 6 = -r, -5*k + 18 = r. Determine s(r).
-102
Suppose -4*v = 2*x - 84 - 68, v - 41 = x. Suppose 349 - v = -31*b. Let u(j) = -j - 1. Calculate u(b).
9
Let i(v) = v**2 - 9*v + 5. Let n(u) = -87*u**3 - 2*u**2 + 3*u - 2. Let f be n(1). Let s = 23 + f. Let w = -56 - s. What is i(w)?
5
Let h(l) be the second derivative of 0*l**3 + l + 1/6*l**4 + 147 - 1/5*l**5 - 1/2*l**2. Give h(-1).
5
Let m = 41 + -36. Let w(j) be the first derivative of -11 + j - 3*j**3 - 3*j**3 + m*j**3. What is w(-1)?
-2
Let x be (-400)/(-480) - (-5)/(-6). Let w(q) be the second derivative of -3/2*q**2 + 1/12*q**4 - 20*q + x - 1/2*q**3. What is w(3)?
-3
Let x(z) = z**2 - z + 1. Let s(l) = l**3 - 9*l + 9. Let y = -45 - -47. Suppose -5*p + y*q - 15 = 0, 5*p = -0*q - q. Let m(c) = p*s(c) + 4*x(c). Give m(5).
-5
Let r = 164 - 152. Let t(a) = -12*a + 12 + 9*a + a**2 - r*a + 0*a**2. Determine t(13).
-14
Let x(k) = 4*k + 2*k + 4*k + 13*k**2 - 14 - 11*k - 10*k - k**3. Determine x(12).
-2
Let f(h) = -2*h. Suppose -11*i = -1312 + 278. Let b = -101 + i. Determine f(b).
14
Let g(n) = 13*n**3 + 56*n**2 + 32*n - 290. Let r(h) = 5*h**3 + 27*h**2 + 14*h - 145. Let q(j) = 2*g(j) - 5*r(j). Give q(23).
7
Let k(u) be the second derivative of u**4/6 + 7*u**3/6 + 2*u**2 + 108*u. Suppose 78 = -5*l - 7*d + 3*d, 3*l - 3*d + 36 = 0. Let h = l + 9. What is k(h)?
19
Let a(q) = 3*q**2 + 52364 + 3*q - 52363 - 4*q**2. Determine a(2).
3
Let q(p) = 2*p - 2. Suppose -3*f = f - 108. Let z be (-3*f - 4) + -3. Let y = z - -92. Calculate q(y).
6
Let s be 0 + 1 + -2*4. Let q(n) = -9*n - n**2 + 0*n**2 - 147 + 69 + 65 + 0*n**2. What is q(s)?
1
Let q(n) = 5*n - 44. Let h(t) = 6*t - 43. Let r(p) = 3*h(p) - 4*q(p). Let v be r(27). Let y(o) = -o - 11. Calculate y(v).
-4
Let u(s) be the second derivative of -s**5/20 + 7*s**4/12 - s**3 - 17*s**2/2 + 2*s - 84. Give u(5).
3
Let j(g) = 3*g**3 - g + 1. Let b be (4/(-14))/((-90)/42 + 2). Suppose -t + b = -5. Suppose 5*o + 2 = t. Give j(o).
3
Let l(q) = 2*q**3 + q**2 - 3*q + 3. Let p = 9 - 9. Suppose p = -4*x - 2*x + 4*x. Suppose -5 = i - 2*i - n, 4*i - 3*n + 1 = x. Give l(i).
17
Let w(i) be the first derivative of i**2 + 11*i + 11*i - 17*i + 38. Let r = 9 + -3. Determine w(r).
17
Let d(b) = -b**2 - 18*b - 35. Suppose -10 = a - 2*t, -37 = 3*a + 5*t + 26. Let h be d(a). Let u(y) = 5*y + 3. Give u(h).
-12
Let o(u) = 2*u**3 - 36*u**2 + 14. Let x be (-5 + (-290)/(-70))/(5/(-105)). What is o(x)?
14
Let u(i) be the first derivative of i**4/4 - 4*i**3/3 - 2*i**2 - 7*i - 22. Let p = -8 + -2. Let y = -5 - p. Determine u(y).
-2
Let l(k) = -95394 - k + 0*k + 95396 - k**2. What is l(2)?
-4
Let u(k) = -29*k - 865. Let s(i) = -144. Let j(z) = -6*s(z) + u(z). Calculate j(0).
-1
Let j = -2659 + 2656. Let y(z) = z**3 + 4*z**2 + 2*z - 2. Calculate y(j).
1
Let c(g) = 85*g + 19. Let h(i) = -37*i - 10. Let x(l) = -2*c(l) - 5*h(l). Calculate x(-1).
-3
Let q(w) = -450*w - 2711. Let u be q(-6). Let r(y) = y**2 + 17*y + 66. Determine r(u).
0
Let y(v) = -v**2 + 8*v + 2. Suppose 9*t - 17 = 91. Let i = t + -2. Let f = i + -4. Determine y(f).
14
Let d(v) = v**2 + 19*v + 66. Suppose 2*g - 9*l = 13, 9*g - 3*l = 13*g + 79. Give d(g).
18
Let l(g) = -6*g**3 + 8*g**2 + 21*g - 6. Let m(y) = -3*y**3 + 4*y**2 + 10*y - 2. Let t(r) = -3*l(r) + 7*m(r). What is t(-2)?
30
Let s(n) = 206*n + 1451. Let d be s(-7). Let w(f) = -f**3 + 12*f**2 - 27*f - 5. What is w(d)?
-5
Let h(f) be the third derivative of -f**5/60 + 7*f**4/24 + f**3/2 - 50*f**2. Suppose -5*w - 3*g = -34, 1 = -2*g - 3. What is h(w)?
-5
Let l(h) = h + 42. Let w(q) = -q**3 - 6*q**2 + 25*q + 72. Let r be w(-8). What is l(r)?
42
Let n(l) = -l**2 + 9*l - 3. Suppose -9*j - 5*i + 30 = -10*j, 5*j + i + 72 = 0. Let k be (-4)/((-20)/j) + 11 + -1. What is n(k)?
11
Let v be 9/6 - (-30)/4. Let c(i) = -9*i + 0 - 39999*i**2 - 5 + 40000*i**2 - 3. What is c(v)?
-8
Let p(c) = -12*c + 101. Suppose -11 + 92 = 9*w. Let n be p(w). Let x(y) = y**3 + 6*y**2 - 9*y - 9. Determine x(n).
5
Let n(i) = -i**2 - 3*i - 9. Let y(s) = -s**2 - 23*s - 4. Let b(o) = -2*n(o) + y(o). Calculate b(18).
32
Let a(c) = 53*c - 72*c - 2*c**2 + 126 + c**3 + 33*c**2 - 8*c**2. What is a(-24)?
6
Suppose 21 = 3*g + 3*w, 4*w + 56 = 100*g - 97*g. Let s(l) = l**2 - 15*l + 25. Determine s(g).
-11
Let b(l) = l**3 - 3*l**2 - 2*l + 13. Let t be b(3). Let i(c) = 8 + t*c**2 - 2*c**2 - 4*c**2 - 2*c**2 - 6*c. Calculate i(-7).
1
Let q = 10 - 18. Let l(k) = k. Let a be l(q). Let h(g) = g + 36 - 13 - 13 - 10. Determine h(a).
-8
Suppose 33 = 2*m + c - 43, -33 = -m - 3*c. Let r = 34 - m. Let q(b) = -b**2 - 5*b + 3. Calculate q(r).
3
Suppose -o - m - 3 = 0, 9*m = 8*m - 6. Let d(l) = -13*l + 5. What is d(o)?
-34
Let m(g) = 20*g**2. Let w be 20/(-6)*15/25. Let u be (w/6)/(((-4)/(-12))/1). Calculate m(u).
20
Let a be 101/202 + 1 + (-7)/(-2) + 1. Let f(m) = m**3 - 5*m**2 + m - 33. Calculate f(a).
9
Let a(b) = -6*b**3 + 98*b**2 - 54*b**2 - 2*b - 41*b**2. Let h(v) = 5*v**3 - 2*v**2 + 2*v. Let p(q) = -4*a(q) - 5*h(q). Calculate p(-2).
4
Let p(o) be the third derivative of 7*o**4/24 - 3*o**3/2 + 3181*o**2 - 2*o. Calculate p(8).
47
Let x(z) = 2*z**2 + 9*z + 26. Let j = -2518 + 2507. Calculate x(j).
169
Let o(s) = 48 + 735*s - 1369*s + 648*s. Calculate o(-4).
-8
Let y(c) = c + 4. Suppose -2*o + q - 172 = 0, 19*q = o + 16*q + 91. Let v be (16/(-5))/((-34)/o). What is y(v)?
-4
Let y(h) = 43*h + 145. Let m(i) = 15*i + 49. Let l(g) = -17*m(g) + 6*y(g). Calculate l(-14).
-5
Let r(l) = l**3 + 7*l**2 - 38*l + 64. Let v be r(-11). Let o(p) = 16*p + 20. Give o(v).
-12
Let h(z) = 17*z**2 + 89*z - 44. Let s(q) = -27*q**2 - 134*q + 67. Let b(k) = -11*h(k) - 7*s(k). What is b(19)?
-42
Let s(o) be the third derivative of 17*o**5/60 + o**4/24 - o**3/3 - 9*o**2 - 13*o. Give s(1).
16
Let x = -43 - -44. Let y be 1/x + (1 - -3). Let f be (12 + (1 - 3))*2/y. Let r(m) = m**3 - 3*m**2 - m - 4. Give r(f).
8
Let v(i) = -16*i + 4. Let w(t) = 111*t - 27. Let z(k) = 27*v(k) + 4*w(k). Let u(o) = -5*o**2 + 63*o - 89. Let x be u(11). What is z(x)?
-12
Let t(p) = -p + 4. Let s(c) = 8*c - 25. Let h(z) = 3*s(z) + 21*t(z). Let d(u) = -2*u - 4. Let y = -18 + 13. Let j(g) = y*d(g) - 3*h(g). Calculate j(6).
-1
Let r(x) = -8*x + 10. Let n(a) = -a**3 + 71*a**2 - 77*a + 493. Let z be n(70). Calculate r(z).
-14
Let k(t) be the third derivative of t**5/12 - 7*t**4/8 - 17*t**3/6 + 214*t**2. Let y be k(5). Let p(n) = -5*n + 7. What is p(y)?
-8
Let b(c) = -c**3 + 5*c**2 + 7*c + 3. Let a be b(5). Let x = a + -16. Let r(s) = x + 3*s - 9 - 9. What is r(-3)?
-5
Let l(u) = 8*u - 589*u**3 - 6*u**2 + 1 + 296*u**3 + 292*u**3. Give l(-6).
-47
Suppose 80 - 10 = 14*x. Let l(r) = -2*r**2 - 2*r. Let b(v) = -6*v**2 - 5*v + 1. Let g(j) = x*l(j) - 2*b(j). Give g(-2).
6
Let g(t) = -7*t + 129. Let j be (1458/(-162))/(-2 - 3/(-2)). Determine g(j).
3
Let v(w) = -29*w**2 - 32*w + 41. Let y(s) = -32*s**2 - 36*s + 41. Let u(a) = -11*v(a) + 10*y(a). Calculate u(-8).
-41
Let h(l) = 17*l + 10. Let w(c) = -26*c - 15. Let f(j) = j + 9. Let t be f(-17). Let b(y) = t*h(y) - 5*w(y). Calculate b(-5).
25
Let p(u) be the second derivative of -u**5/20 + u**4/2 + u**3 - 3*u**2/2 - 25*u - 155. Calculate p(6).
33
Let y(f) = -f - 3. Let r(n) = n**3 + 20*n**2 + 21*n + 38. Let i be r(-19). Suppose 0 = t - 3*t + 6. Suppose i = 4*c - 8*c + t*x + 12, -3 = -c - 5*x. Give y(c).
-6
Let d(y) = y**3 - 6*y**2 - 10*y + 31. Let m be d(7). Let g(x) be the third derivative of x**4/24 - 19*x**3/6 - 27*x**2 + 3*x. Give g(m).
-9
Let u(g) = g**3 + 2*g**2 - 4*g - 3. Suppose -5*a = y - a + 11, -3*a - 7 = y. Suppose 2*m + v = 4*m + y, 4*v - 11 = 5*m. Give u(m).
0
Let w(x) = x**2 - 38*x + 12. Let g(i) = i**2 - 43*i + 12. Let v(k) = 5*g(k) - 6*w(k). Give v(12).
0
Let w(y) = -566*y + 9*y**2 - 57 + 10*y**2 + 536*y - 21*y**2 - 36. Determine w(-11).
-5
Let j(t) = -t**3 - 7*t**2 + 33*t - 3. Let h = -37824 - -37827